 r + 483. Calculate the highest common factor of t and 5.
5
Let f = -524 - -785. Let g = f + 119. Calculate the highest common divisor of g and 20.
20
Suppose -3*v = -2*z + 915, 0 = 43*z - 39*z - 4*v - 1844. What is the greatest common factor of z and 25506?
234
Let l be (330/(-20))/(39/(-9568)). Calculate the greatest common divisor of 176 and l.
176
Let t = -222 - -260. What is the highest common factor of t and 1159?
19
Suppose t - p - 304 = -5*p, -4*p = -4*t + 1196. Suppose -192 = 167079*s - 167095*s. Calculate the highest common divisor of t and s.
12
Let x = -4285 + 4337. Let k(z) = 7*z**2 + 6*z + 3. Let j be k(5). What is the highest common factor of j and x?
52
Let l(c) = 1543*c - 64. Let d be l(3). What is the greatest common divisor of 55 and d?
55
Let n = 71 - 50. Suppose -n*y = 427 - 1372. Let b = -20 + y. Calculate the highest common divisor of b and 20.
5
Let w(x) = -x - 18. Let a = 420 + -441. Let g be w(a). What is the greatest common factor of g and 6?
3
Let i be (13/(-13))/(2/12). Let q be -8 - (-98)/12 - 203/i. Calculate the greatest common factor of q and 306.
34
Let k = 3208 - 2172. Calculate the greatest common factor of 28 and k.
28
Suppose -1605 = -5*u + 3*o, -3*u - 977 = -6*u - o. Let v = 648 - u. What is the highest common factor of 36 and v?
36
Let j be 4/(24/(-9))*12/(-9). Let b be (-56)/(-21) + j/(-3). Suppose t = -2*l + 13, 15 = -b*t + 3*t + 3*l. What is the greatest common divisor of 63 and t?
9
Let f(v) = v**3 + 11*v**2 - v - 1. Let p be -6*(-2)/(-3) - -9. Suppose -7*b = -p*b + 22. Let i be f(b). Calculate the greatest common factor of 70 and i.
10
Let v(q) = 21*q**2 + q + 1. Let j be v(-1). Suppose 71*x - 136962 = -886*x + 1892835. What is the highest common factor of x and j?
21
Suppose v - 6*v = -15. Suppose 11 + 9 = -20*w. Let z be (48/(-20))/(12/15 + w). Calculate the highest common factor of v and z.
3
Suppose -496 = -21*l - 118. Calculate the highest common divisor of 4086 and l.
18
Let r = 1156 + -1445. Let k = -236 - r. Let u(a) = 13*a**2 + a - 1. Let j be u(2). What is the greatest common factor of k and j?
53
Suppose 3*q = -5*u + 218 + 181, 3*u - 18 = 0. What is the highest common factor of q and 1?
1
Suppose -d = -4*l - 191 + 68, -d + 147 = 2*l. What is the greatest common divisor of d and 15151?
139
Let g(k) = 3*k**2 + 4*k - 1. Let v be g(-2). Let h(i) = -33*i**2 - 14 + v*i + i + 38*i**2. Let a be h(-5). Calculate the greatest common factor of 13 and a.
13
Let n(s) = 4*s**2 - 26*s - 5. Let f be n(7). Let c(y) = -10*y**2 + 110*y - 1. Let z be c(10). Calculate the greatest common factor of f and z.
9
Suppose 5*b - 16 = -4*c + 3*b, 3*c - b = 17. Suppose c*g + 30 - 120 = 0. Let t be 2*-1 + (-10 - -21). What is the greatest common factor of t and g?
9
Let v = -29 - -428. What is the greatest common factor of v and 903?
21
Let o be ((-24)/(-16))/(2 + 73635/(-36820)). Calculate the greatest common factor of 42 and o.
42
Let f(q) = 3*q**2 - 6*q + 13. Let y be f(4). Let j = y + -15. Calculate the highest common factor of j and 11.
11
Let l be 18 + -31 + 13 - (-742)/(4/2). What is the greatest common factor of 53 and l?
53
Let d = 27 - -111. Suppose -2*t - 218 = -5*n, 6*n - 3*n - d = 3*t. Suppose 9*r + n = 10*r. What is the highest common factor of 14 and r?
14
Let t = 19 + -6. Let k be 663/(-68)*4*((-33)/(-9))/(-11). What is the highest common divisor of k and t?
13
Let w be ((-4081)/(-21) + 1)/((-4)/(-6)). Suppose -f = -5*a - 471, 3*a + w = 2*f - 4*f. Let y = a + 133. What is the greatest common factor of y and 114?
38
Let l(d) = d**2 - 17*d + 47. Let v be l(23). Suppose -v*f + 408 = -181*f. What is the greatest common divisor of f and 6?
6
Let n be 0 - (-32)/208 - (-7692)/26. What is the highest common factor of n and 56?
8
Let i(w) = -w**3 + 15*w**2 - 32*w + 1. Let f be i(10). Let u = f - 173. Calculate the highest common factor of 56 and u.
8
Let m be ((-1)/(-2))/(4/(-2456)). Let i = m - -524. What is the highest common factor of 31 and i?
31
Let u(q) = 5*q**3 + 8*q**2 - 51*q + 135. Let f be u(6). What is the highest common divisor of 63 and f?
63
Let q = -45256 - -45326. Let p be -12*(-2 - (-3)/(-6)). Calculate the greatest common factor of p and q.
10
Let f = 47 + -30. Suppose f*m - 946 = 6*m. Let i = 66 - -149. Calculate the highest common factor of m and i.
43
Suppose 5*a + 9*a = 6*a + 136. What is the greatest common divisor of a and 6?
1
Let a = -2033 - -2474. What is the greatest common factor of 63 and a?
63
Let c(y) = -1862*y**3 - y**2 + 102*y + 197. Let n be c(-2). Calculate the greatest common divisor of 26 and n.
13
Let b = -8 + 18. Let z(m) be the third derivative of m**4/6 - 35*m**3/6 - 2*m**2 - 595*m. Let y be z(b). What is the greatest common factor of y and 10?
5
Let s = 426 - 421. Suppose -s*b - 540 = -2325. What is the greatest common factor of 153 and b?
51
Let p be 2*(18/3 + -2 + 118). Suppose -4*g = 2*s - p, -2*g + 6*g + 666 = 5*s. Calculate the greatest common factor of 52 and s.
26
Let k be (-2 - -1)/(-4*9/22896). Suppose 3204 = 5*o - g, o + 5*g - 4*g = k. What is the greatest common factor of o and 20?
20
Suppose -x + 9*s + 63 = 8*s, -119 = -2*x + 3*s. Calculate the highest common divisor of 3584 and x.
14
Let l = 867 - 588. Let x be (-20)/(-8)*(-496)/(-20). Calculate the highest common divisor of x and l.
31
Let h = 89 + -24. Suppose -3*i - 13*z + 16*z = -282, -3*i + 314 = 5*z. Let l = 124 - i. What is the highest common factor of h and l?
13
Suppose 0 = 4*n + 4*i - i - 4, 0 = n + 4*i + 12. Let q(s) = 10*s**2 - 5*s + 13. Let p be q(n). What is the highest common factor of 17 and p?
17
Suppose -8*q + 3193 = -7*q - 2612. What is the highest common divisor of q and 270?
135
Let l(w) = -247*w - 2725. Let s be l(-15). Calculate the greatest common factor of 2695 and s.
245
Let u(x) = x**3 - 12*x**2 - 28*x + 7. Let i be u(18). Let w = i + -297. Calculate the highest common divisor of 50 and w.
50
Let v = -33575 - -54913. Calculate the highest common factor of 227 and v.
227
Let f = 1315 + -1279. Let h be 27/(-4)*208/(-3). What is the highest common divisor of f and h?
36
Suppose -c = -q - 4878, -5*c + 0*q + 24440 = 5*q. What is the greatest common factor of 76 and c?
19
Let v be -7 + 8595/63 + (-6)/14 - 4. Calculate the highest common divisor of 1850 and v.
25
Let s = 49 - 34. Let v = 1169 + -914. Calculate the greatest common divisor of v and s.
15
Let j(x) = -x**2 + 11*x + 13. Let m be j(-6). Let l = m + 105. Suppose -3*n + 24 + 72 = 0. Calculate the greatest common divisor of n and l.
16
Let t(x) = -16*x - 12. Let u = -7 - -4. Let n be t(u). Suppose 104 = 5*o - 76. Calculate the highest common factor of o and n.
36
Let r(s) = s**3 + 32*s**2 - 38*s + 162. Let q be r(-33). What is the greatest common divisor of 18 and q?
3
Suppose 16*r - i = 15*r + 5, -3*i - 9 = 0. Calculate the highest common divisor of r and 1142.
2
Let j be 12 - ((-2)/2 - 1). Suppose 2*p + 6 = j. Suppose 2 = 2*h - p. What is the highest common factor of h and 21?
3
Let q(x) = -22*x**3 + 9*x**2 + 18*x + 153. Let d be q(-5). What is the highest common divisor of 392 and d?
98
Let w be -6*(-16)/10*(-300)/36. Let q = w + 82. Calculate the highest common factor of q and 46.
2
Let m be -11*(-1)/(11/2). Suppose a - m*o = 2*o + 23, -o = 5. Calculate the highest common factor of 12 and a.
3
Suppose 322*t = 400*t - 14430. Let q = -10 + 47. What is the highest common factor of t and q?
37
Let n be (-5156)/(-16) + (-20)/16. Let j = -316 + n. What is the greatest common divisor of 20 and j?
5
Suppose 4*u + 2*w - 379 = -3*w, 5*u - 5*w - 485 = 0. Let n(g) = 5*g**3 - 32*g**2 - 16*g + 1. Let k be n(7). Calculate the highest common factor of u and k.
12
Let n = -87 + 163. What is the highest common factor of 7372 and n?
76
Suppose -124 = -3*d + 2*i, d - 60 = 2969*i - 2966*i. Calculate the greatest common divisor of d and 7011.
9
Suppose k + 0*k - 2 = 0. Let w be 25 + 2/(0 + k). Let g = -30646 + 30750. Calculate the greatest common factor of w and g.
26
Let r(z) = -27*z**3 - 4*z**2 + 13. Let c be r(3). Let b = c - -761. What is the highest common factor of b and 900?
9
Suppose 308 - 318 = -5*q. Calculate the highest common factor of 8 and q.
2
Let c be (1 + -1 + -2)*1. Let d be 18*-1*23/c. Let g = 912 + -889. What is the greate